 3*k(a) - o(a). Let d(x) = -2*g(x) + 3*w(x). Give d(3).
5
Suppose 8 = -0*c + 2*c. Suppose -c*x = -2*x - 2. Let f(t) = 1 + x - t - 7. Determine f(-5).
0
Let p(d) be the second derivative of -d**3/2 + d**2/2 - 4*d. Suppose g + 4 = 3*g. Let v = g + -3. What is p(v)?
4
Let j(l) = l + 1. Let i = -17 - -18. Give j(i).
2
Let x(z) be the second derivative of -z**3/6 + z**2/2 - 8*z. Give x(5).
-4
Let z(n) = -9*n - 114 + 104 - 5*n**2 + n**3 + 12*n**2 + 0*n**3. What is z(-8)?
-2
Suppose 3*m - m = -4. Suppose 3*y = 3 + 3. Let h(x) = -y - x**2 - 2*x**2 + 6*x**2 - x**2. Determine h(m).
6
Let g(k) = -9*k - 3 + 11*k - 5*k. Give g(-2).
3
Let h(u) = 2*u**2 + u - 1. Let r(c) = -22*c + 1. Let x be r(-1). Let f = x + -25. Calculate h(f).
5
Let t(m) = -3*m**3 + 1. Let w = 13 - 9. Suppose 0 = p + 6*j - 2*j - 1, -4*j - w = -4*p. Calculate t(p).
-2
Let v(f) = -f**2 + 5*f - 6. Let t(g) = g**2 + 6*g - 1. Let j be t(-7). Let i = 22 - j. Let z = i - 11. Calculate v(z).
-6
Let c(g) be the second derivative of g**3/6 + 3*g**2 + 12*g. Determine c(-5).
1
Let w(h) = -5 + 4*h**3 + 8*h - 5*h**2 - 3*h**3 - 3*h**2 - 2*h**2. Give w(9).
-14
Suppose -5*s = -s + 4*a - 8, 0 = a + 1. Let z(f) = -3*f + 1. What is z(s)?
-8
Let y(s) = 6*s. Suppose -3*l - 3 + 0 = 4*u, u + 3 = 0. Give y(l).
18
Let t(l) = -l + 6. Let c(b) = -6. Let h(a) = 2*c(a) + 3*t(a). Let z be (6/(-2))/((-6)/(-4)). Let w(o) = o - 1. Let d(u) = z*w(u) - h(u). Give d(-4).
-8
Let r be (4 - 3)*-1 + 4. Let y(b) = 6*b - r*b + 4 - 2*b. Give y(-5).
-1
Suppose -5*l + 48 - 13 = 5*s, -3*l - 2*s = -23. Suppose 5*w + 4*u - 10 = 4, 2*w - l = -5*u. Let g(m) = -m**2 + 2. Determine g(w).
-2
Let g(s) = -4*s. Let z(d) = d. Let u(t) = 2*g(t) + 6*z(t). Let c = 11 - 14. What is u(c)?
6
Let a(k) be the second derivative of -3*k**4/4 + k**3/3 - k**2 + 5*k. Let g(p) = 8*p**2 - p + 1. Let r(j) = 2*a(j) + 3*g(j). Calculate r(1).
6
Let z(u) be the first derivative of u**4/3 + u**3/2 - u + 2. Let w(c) be the first derivative of z(c). Suppose 4 = 5*j + i + 16, -2*i - 4 = 0. Calculate w(j).
10
Let o(n) = 4 + 6*n**2 - n**3 + 6*n + 1 - 1 - 6. Give o(7).
-9
Let x(v) be the first derivative of v**3/3 + v + 1. Let f(k) = k**2 + 12*k - 19. Let c be f(-13). Let z be 1/2 + c/(-4). What is x(z)?
5
Let d(a) = 39*a + 8 - 21*a - 17*a. What is d(-11)?
-3
Let l(g) be the second derivative of -g**3/6 + 7*g**2/2 + 18*g. What is l(5)?
2
Let f(k) = -k**3 - 5*k**2 + k + 1. Let z = 3 + 12. Let m = z + -10. Suppose -5 - 5 = 2*r - 3*j, r = -2*j - m. Determine f(r).
-4
Let q(c) = 13*c - 5*c**2 - c**3 + 11 + 16*c**2 + 2*c**2. Calculate q(14).
-3
Suppose -20*t - 12 = -23*t. Let n(d) = -d**2 + 3*d - 4. Give n(t).
-8
Suppose 0 = -4*k - 4*h + 18 + 2, 0 = -k + 2*h + 14. Let y(u) = u - 13. What is y(k)?
-5
Let f(o) be the third derivative of 5*o**4/24 - o**3/6 - o**2. Let h = 3 - 7. Let q be h/18 - (-35)/(-45). Calculate f(q).
-6
Let u(l) be the first derivative of -l**3/3 - 3*l**2 + 2. Let n be u(-6). Let t(k) = -k**2 + 8. What is t(n)?
8
Let w(v) = -v**2 - 3*v - 1. Let g = 13 + -11. Suppose 2*o + g = -3*l - 1, -2*o + 2 = -2*l. Calculate w(l).
1
Let t(s) = -s**2 + 8*s - 3. Let f be t(7). Let i(n) be the second derivative of -1/3*n**f + 0 - 1/20*n**5 - 3/2*n**2 + n - 1/2*n**3. Calculate i(-3).
-3
Suppose w = 3*y + 2, 2*y = 5*y - 2*w + 4. Suppose y = 5*s + 3*i - 14, 2*s = s - 3*i - 2. Let r(a) = 3. Let q(m) = m + 1. Let j(l) = -q(l) + r(l). What is j(s)?
-2
Let t(d) = 1 - d**2 + 2 + 2 - 9 + 6*d. Calculate t(7).
-11
Let a(p) = 2*p - 8. Let g(c) = -c**3 + c**2 + 4*c + 7. Let x be g(0). What is a(x)?
6
Let x(j) = -3*j - 2. Let o be 46/10 + ((-12)/(-15))/2. Give x(o).
-17
Let f(c) = -4*c**3 + 8*c**2 + 3*c + 4. Let o(i) = -5*i**3 + 9*i**2 + 2*i + 5. Let d(w) = 4*f(w) - 3*o(w). Calculate d(6).
1
Let u(f) = f + 8*f + 0*f + 0*f - 3 - f**2. What is u(9)?
-3
Let k = -5 + 8. Suppose 2*r = -k*r. Let d(y) = r + y + 0 + y. What is d(2)?
4
Let f(u) = -u**2 + 6*u - 6. Let y(t) be the third derivative of t**2 + 0*t - 1/6*t**3 + 0 - 1/60*t**5 + 1/24*t**4. Let o(w) = f(w) - 6*y(w). Determine o(-1).
5
Let p be -3 + 1 - (4 - 5). Let b(i) = -11*i**2 - 8*i - 7. Let f(u) = -23*u**2 - 17*u - 15. Let d(j) = -13*b(j) + 6*f(j). Calculate d(p).
4
Let u(y) be the second derivative of -y**7/2520 + y**6/120 - y**5/40 - y**4/12 - 3*y. Let i(p) be the third derivative of u(p). Determine i(5).
2
Let f(x) = x + 1. Let b(v) = 3*v + 7. Let o(i) = -b(i) + 6*f(i). What is o(3)?
8
Let k(t) = t**2 + t - 3. Let z be k(0). Let m be 1 - (-1)/(1/(-7)). Let s be (-2)/z - (-4)/m. Let b(x) = x - 12. Calculate b(s).
-12
Let o(f) = -3*f**2 + f - 7. Let c(j) = j**2 - j + 3. Suppose 3*z + 3*g + 6 = 0, 22 = 3*z - 2*g - 2*g. Let x(v) = z*o(v) + 5*c(v). What is x(-2)?
3
Suppose -12 = l - 3*l. Suppose 4*y = l*y - 6. Let f(x) = -y*x + 5*x - 6 - 3*x. Determine f(0).
-6
Let z = -4 - -9. Suppose 3 = -z*t - 12. Let d(a) be the second derivative of a**4/12 + a**3/3 + 3*a**2/2 - a. What is d(t)?
6
Let l(j) = j - 10. Let x be l(11). Let k(d) = -1 - d**2 - x + 3*d**2 - d**2. Give k(0).
-2
Let c(w) = -w**3 + 3*w**2 - w + 1. Let d be c(3). Let u be d*(-1 - 17/2). Suppose 1 = -5*p - u. Let t(b) = -b**2 - 5*b - 2. What is t(p)?
2
Let w(t) = -t - 1. Let x(f) = -f**2 + 3*f + 6. Let k(l) = 3*w(l) - x(l). What is k(7)?
-2
Let k(c) = 2 - 4 - 18*c + 19*c. Calculate k(3).
1
Let a(d) = 7*d**3 + d**2 - 11. Let f(x) = -13*x**3 - x**2 + 21. Let b be 27/(-6)*(-4)/3. Let o(v) = b*f(v) + 11*a(v). Give o(5).
5
Let b(p) = p**2 + 2*p + 1. Let q be b(-4). Suppose q = -l + 12. Let g(a) = -a**3 + a**2 + 2*a + 3. Calculate g(l).
-9
Suppose 4*a = y - 7, 2*y - 5 = -a - 0*a. Suppose 7*o - 4 = y*o, 3*o + 12 = 3*r. Let p(b) = b**2 - 7*b. Calculate p(r).
-10
Let t(r) = r**2 - 2*r + 2. Let y be t(3). Suppose 16 = -y*a + 3*u, -3*a - 5*u = -8*a - 20. Let p(i) = i**3 + 3*i**2 + 3*i + 1. What is p(a)?
-1
Let b(s) be the second derivative of -s**5/20 - s**4/3 + s**3/3 + 3*s**2/2 - 21*s. Give b(-2).
-9
Let z(d) = d**3 + d**2 + d. Let u(p) = 3*p**3 - 3*p**2 + 8*p - 2. Let v = 0 - -2. Let y(t) = v*z(t) - u(t). What is y(4)?
-6
Suppose 3*o - 15 = -6. Let d = o + -8. Let v(i) = -i**2 + 3*i - 4*i + 3 - 3*i. Determine v(d).
-2
Let b(z) = z**2 - 3*z - 6. Let j be (-3)/(-2) + 4/(-8). Let s(f) = 4*f + 1. Let c be s(j). Determine b(c).
4
Let t(w) = w**3 + 10*w**2 + 8*w - 4. Let j(n) = -n**2 + 7*n - 9. Let h be j(7). Calculate t(h).
5
Let y(h) be the second derivative of -2*h**3/3 - 2*h**2 - 20*h. Calculate y(-4).
12
Let v = -2 - 4. Let u be (1/(-3))/((-2)/v). Let g(q) = -4*q**3. Give g(u).
4
Let z(q) = q**3 + 5*q**2 - 5. Let s(t) = 6*t - 5. Let x be s(0). Determine z(x).
-5
Let f(s) = -s**2 - 2*s + 6. Let w be -1 - -4 - (-6)/(-2). Suppose -n = 5*m - m - 27, w = -5*m - 4*n + 31. Suppose -5*b + m*b = -10. Determine f(b).
-9
Let l(r) be the second derivative of 2*r**5/5 - r**4/12 - 15*r. Determine l(1).
7
Let m(q) = 2*q**2 + 3*q - 9. Let i(t) = -t**2 - 2*t + 8. Let n(d) = 3*i(d) + 2*m(d). Let u = -2 - -2. Let y be -2 + 2 + u/(-1). What is n(y)?
6
Let u(t) = t**2 - t + 2. Suppose 16 = 5*m + z, 2*m + 2 - 6 = 2*z. Suppose -m*v - 1 = 5*a - 6, 0 = -5*v - 5*a + 5. Determine u(v).
2
Suppose -j = -4*c + 9, 40 = 3*c + 5*j + 16. Let k(q) be the third derivative of 1/60*q**5 + 0*q + 0 + 2*q**2 - 2/3*q**c + 0*q**4. Calculate k(0).
-4
Let v(d) = 4 - 3 - 8*d + 15*d. Let i be (2/(-2))/(2/2). Let q = i + 0. Determine v(q).
-6
Suppose -7 = -6*h + 5*h. Let x(m) = 8*m**3 - 7*m**2 - 7*m + 7. Let b(y) = -7*y**3 + 7*y**2 + 6*y - 6. Let w(k) = h*b(k) + 6*x(k). What is w(7)?
0
Let b(l) = -2*l**3 + 4*l**2 + 4*l + 9. Let f be (-23)/7 + (-4)/(-14). Let t(q) = -3*q**3 + 9*q**2 + 9*q + 18. Let d(z) = f*t(z) + 5*b(z). Calculate d(-6).
-3
Let j = 93 - 96. Let d(h) = 4*h + 14. Let v(c) = -3*c - 9. Let q(n) = 5*d(n) + 8*v(n). Determine q(j).
10
Let o(a) be the third derivative of -a**4/12 - 2*a**3/3 - a**2. Let v(w) = w - 2. Suppose 4 = 5*k + 19. Let d be v(k). Calculate o(d).
6
Let g = -4 - -6. Let r(z) = -2 - 2*z + g. Give r(3).
-6
Let l = 4 - 0. Suppose -g + 10 = x, 3*g - 6*g = -x + 6. Let w(f) = -x*f**2 - 6*f - 2 + 10*f**2 + 6. What is w(l)?
-4
Let p(i) be the second derivative of 0 + i + 1/2*i**2 + 1/6*i**3. Determine p(-2).
-1
Let r(g) be the second derivative of -g**6/120 + g**5/20 - g**4/12 + g**3/6 + 7*g**2/2 - 7*g.